{"id":14197,"date":"2017-10-17T16:22:25","date_gmt":"2017-10-17T14:22:25","guid":{"rendered":"https:\/\/www.maquinariamarquez.com\/maq-nueva\/mandriladora-fresadora-de-coluna-movel-ligeira-wrd-13-cnc\/"},"modified":"2017-10-17T16:22:25","modified_gmt":"2017-10-17T14:22:25","slug":"mandriladora-fresadora-de-coluna-movel-ligeira-wrd-13-cnc","status":"publish","type":"page","link":"https:\/\/www.maquinariamarquez.com\/pt-pt\/mandriladora-tos-varnsdorf\/mandriladoras-fresadoras-coluna-movel\/mandriladora-fresadora-de-coluna-movel-ligeira-wrd-13-cnc\/","title":{"rendered":"Mandriladora-Fresadora de coluna m\u00f3vel ligeira WRD 13 CNC"},"content":{"rendered":"<table width=\"567\">\n<tbody>\n<tr>\n<td colspan=\"2\" width=\"306\"><strong>MODEL<\/strong><\/td>\n<td width=\"261\"><strong>WRD 13 CNC<\/strong><\/td>\n<\/tr>\n<tr>\n<td colspan=\"2\" width=\"306\"><strong>CURSOS<\/strong><\/td>\n<td width=\"261\"><\/td>\n<\/tr>\n<tr>\n<td width=\"236\">X \u2013 Longitudinal, coluna<\/td>\n<td width=\"70\">mm<\/td>\n<td width=\"261\">3000-20000, en sec\u00e7\u00f5es de 1000<\/td>\n<\/tr>\n<tr>\n<td width=\"236\">Y \u2013 Vertical, cabe\u00e7a<\/td>\n<td width=\"70\">mm<\/td>\n<td width=\"261\">2000, 2500, 3000<\/td>\n<\/tr>\n<tr>\n<td width=\"236\">Z \u2013 Transversal, RAM<\/td>\n<td width=\"70\">mm<\/td>\n<td width=\"261\">700<\/td>\n<\/tr>\n<tr>\n<td colspan=\"2\" width=\"306\"><strong>CABE\u00c7A<\/strong><\/td>\n<td width=\"261\"><\/td>\n<\/tr>\n<tr>\n<td width=\"236\">Sec\u00e7\u00e3o de RAM<\/td>\n<td width=\"70\">mm<\/td>\n<td width=\"261\">320&#215;400<\/td>\n<\/tr>\n<tr>\n<td width=\"236\">Di\u00e2metro barra de mandrilar<\/td>\n<td width=\"70\">mm<\/td>\n<td width=\"261\">130<\/td>\n<\/tr>\n<tr>\n<td width=\"236\">W \u2013 Axial, barra de mandrilar<\/td>\n<td width=\"70\">mm<\/td>\n<td width=\"261\">650<\/td>\n<\/tr>\n<tr>\n<td width=\"236\">Pot\u00eancia da cabe\u00e7a S1\/S6<\/td>\n<td width=\"70\">Kw<\/td>\n<td width=\"261\">37\/46<\/td>\n<\/tr>\n<tr>\n<td width=\"236\">Velocidade do fuso<\/td>\n<td width=\"70\">1\/min<\/td>\n<td width=\"261\">10-3000<\/td>\n<\/tr>\n<tr>\n<td width=\"236\">Torque do fuso\u00a0 S1\/S6<\/td>\n<td width=\"70\">Nm<\/td>\n<td width=\"261\">2535\/3111<\/td>\n<\/tr>\n<tr>\n<td colspan=\"2\" width=\"306\"><strong>\u00a0AVAN\u00c7OS R\u00c1PIDOS<\/strong><\/td>\n<td width=\"261\"><\/td>\n<\/tr>\n<tr>\n<td width=\"236\">X<\/td>\n<td width=\"70\">mm\/min<\/td>\n<td width=\"261\">21000<\/td>\n<\/tr>\n<tr>\n<td width=\"236\">Y,Z,W<\/td>\n<td width=\"70\">mm\/min<\/td>\n<td width=\"261\">10000<\/td>\n<\/tr>\n<\/tbody>\n<\/table>\n","protected":false},"excerpt":{"rendered":"<ul>\n<li>A mandriladora-fresadora de coluna m\u00f3vel WRD 13 \u00e9 uma m\u00e1quina ligeira baseada na conhecida WHN 13 transversal. O deslocamento do eixo X longitudinal \u00e9 realizado por guias lineares e \u00e9 acionado por dois motores que operam como mestre-escravo. O deslocamento vertical \u00e9 realizado sobre guias prism\u00e1ticos, com material pl\u00e1stico antifric\u00e7\u00e3o (SKG-Turcite) nas contra-guias.<\/li>\n<li>Esta m\u00e1quina \u00e9 ideal para trabalhos nos quais a mecaniza\u00e7\u00e3o tem uma dimens\u00e3o pequena ou m\u00e9dia. Com a incorpora\u00e7\u00e3o de cabe\u00e7as autom\u00e1ticas tamb\u00e9m cumpre as fun\u00e7\u00f5es de uma fresadora de coluna m\u00f3vel ligeira.<\/li>\n<\/ul>\n<p><a class=\"btn btn-primary understrap-read-more-link\" href=\"https:\/\/www.maquinariamarquez.com\/pt-pt\/mandriladora-tos-varnsdorf\/mandriladoras-fresadoras-coluna-movel\/mandriladora-fresadora-de-coluna-movel-ligeira-wrd-13-cnc\/\">Veja detalhes<\/a><\/p>\n","protected":false},"author":1,"featured_media":16432,"parent":14789,"menu_order":153,"comment_status":"closed","ping_status":"open","template":"page-templates\/template-page-maquina.php","meta":{"_acf_changed":false,"footnotes":""},"geolocalizacion":[404,396,394,398],"class_list":["post-14197","page","type-page","status-publish","has-post-thumbnail","hentry","geolocalizacion-chile-pt-pt","geolocalizacion-latino-pt-pt","geolocalizacion-portugal-pt-pt","geolocalizacion-europa-pt-pt"],"acf":[],"aioseo_notices":[],"_links":{"self":[{"href":"https:\/\/www.maquinariamarquez.com\/pt-pt\/wp-json\/wp\/v2\/pages\/14197","targetHints":{"allow":["GET"]}}],"collection":[{"href":"https:\/\/www.maquinariamarquez.com\/pt-pt\/wp-json\/wp\/v2\/pages"}],"about":[{"href":"https:\/\/www.maquinariamarquez.com\/pt-pt\/wp-json\/wp\/v2\/types\/page"}],"author":[{"embeddable":true,"href":"https:\/\/www.maquinariamarquez.com\/pt-pt\/wp-json\/wp\/v2\/users\/1"}],"replies":[{"embeddable":true,"href":"https:\/\/www.maquinariamarquez.com\/pt-pt\/wp-json\/wp\/v2\/comments?post=14197"}],"version-history":[{"count":0,"href":"https:\/\/www.maquinariamarquez.com\/pt-pt\/wp-json\/wp\/v2\/pages\/14197\/revisions"}],"up":[{"embeddable":true,"href":"https:\/\/www.maquinariamarquez.com\/pt-pt\/wp-json\/wp\/v2\/pages\/14789"}],"wp:featuredmedia":[{"embeddable":true,"href":"https:\/\/www.maquinariamarquez.com\/pt-pt\/wp-json\/wp\/v2\/media\/16432"}],"wp:attachment":[{"href":"https:\/\/www.maquinariamarquez.com\/pt-pt\/wp-json\/wp\/v2\/media?parent=14197"}],"wp:term":[{"taxonomy":"geolocalizacion","embeddable":true,"href":"https:\/\/www.maquinariamarquez.com\/pt-pt\/wp-json\/wp\/v2\/geolocalizacion?post=14197"}],"curies":[{"name":"wp","href":"https:\/\/api.w.org\/{rel}","templated":true}]}}

Mandriladora-Fresadora de coluna móvel ligeira WRD 13 CNC

<table width="567">
<tbody>
<tr>
<td colspan="2" width="306"><strong>MODEL</strong></td>
<td width="261"><strong>WRD 13 CNC</strong></td>
</tr>
<tr>
<td colspan="2" width="306"><strong>CURSOS</strong></td>
<td width="261"></td>
</tr>
<tr>
<td width="236">X – Longitudinal, coluna</td>
<td width="70">mm</td>
<td width="261">3000-20000, en secções de 1000</td>
</tr>
<tr>
<td width="236">Y – Vertical, cabeça</td>
<td width="70">mm</td>
<td width="261">2000, 2500, 3000</td>
</tr>
<tr>
<td width="236">Z – Transversal, RAM</td>
<td width="70">mm</td>
<td width="261">700</td>
</tr>
<tr>
<td colspan="2" width="306"><strong>CABEÇA</strong></td>
<td width="261"></td>
</tr>
<tr>
<td width="236">Secção de RAM</td>
<td width="70">mm</td>
<td width="261">320&#215;400</td>
</tr>
<tr>
<td width="236">Diâmetro barra de mandrilar</td>
<td width="70">mm</td>
<td width="261">130</td>
</tr>
<tr>
<td width="236">W – Axial, barra de mandrilar</td>
<td width="70">mm</td>
<td width="261">650</td>
</tr>
<tr>
<td width="236">Potência da cabeça S1/S6</td>
<td width="70">Kw</td>
<td width="261">37/46</td>
</tr>
<tr>
<td width="236">Velocidade do fuso</td>
<td width="70">1/min</td>
<td width="261">10-3000</td>
</tr>
<tr>
<td width="236">Torque do fuso  S1/S6</td>
<td width="70">Nm</td>
<td width="261">2535/3111</td>
</tr>
<tr>
<td colspan="2" width="306"><strong> AVANÇOS RÁPIDOS</strong></td>
<td width="261"></td>
</tr>
<tr>
<td width="236">X</td>
<td width="70">mm/min</td>
<td width="261">21000</td>
</tr>
<tr>
<td width="236">Y,Z,W</td>
<td width="70">mm/min</td>
<td width="261">10000</td>
</tr>
</tbody>
</table>

<ul>
<li>A mandriladora-fresadora de coluna móvel WRD 13 é uma máquina ligeira baseada na conhecida WHN 13 transversal. O deslocamento do eixo X longitudinal é realizado por guias lineares e é acionado por dois motores que operam como mestre-escravo. O deslocamento vertical é realizado sobre guias prismáticos, com material plástico antifricção (SKG-Turcite) nas contra-guias.</li>
<li>Esta máquina é ideal para trabalhos nos quais a mecanização tem uma dimensão pequena ou média. Com a incorporação de cabeças automáticas também cumpre as funções de uma fresadora de coluna móvel ligeira.</li>
</ul>
<p><a class="btn btn-primary understrap-read-more-link" href="https://www.maquinariamarquez.com/pt-pt/mandriladora-tos-varnsdorf/mandriladoras-fresadoras-coluna-movel/mandriladora-fresadora-de-coluna-movel-ligeira-wrd-13-cnc/">Veja detalhes</a></p>
